 100 a factor of 7927037?
False
Does 36 divide 163404?
True
Is 57 a factor of 68913?
True
Is 532704 a multiple of 585?
False
Is 325853 a multiple of 30?
False
Is 12 a factor of 2739493?
False
Is 115 a factor of 91577?
False
Is 50250 a multiple of 37?
False
Is 230840 a multiple of 149?
False
Does 170 divide 15130?
True
Is 202299 a multiple of 70?
False
Is 3 a factor of 60126?
True
Is 1370268 a multiple of 612?
True
Is 529011 a multiple of 243?
True
Does 528 divide 61776?
True
Is 7 a factor of 2221666?
False
Is 100997 a multiple of 221?
True
Is 6 a factor of 39402?
True
Does 11 divide 30688121?
False
Does 12 divide 529500?
True
Does 3 divide 13254?
True
Is 280994 a multiple of 7?
True
Is 76851 a multiple of 9?
True
Is 65637 a multiple of 17?
True
Does 82 divide 425826?
True
Does 20 divide 1033240?
True
Is 244755 a multiple of 189?
True
Is 420232 a multiple of 4?
True
Is 12 a factor of 1185192?
True
Does 46 divide 1689772?
False
Is 1701832 a multiple of 1119?
False
Is 464355 a multiple of 45?
True
Is 1372132 a multiple of 467?
False
Does 99 divide 5124625?
False
Does 245 divide 4136825?
True
Does 68 divide 102220?
False
Is 24528 a multiple of 16?
True
Is 59 a factor of 195576?
False
Is 18 a factor of 332154?
True
Does 31 divide 109491?
False
Is 59153 a multiple of 5?
False
Does 312 divide 760420?
False
Is 311 a multiple of 55?
False
Is 6724842 a multiple of 157?
False
Is 1100834 a multiple of 94?
True
Is 21 a factor of 341376?
True
Does 141 divide 1968614?
False
Is 44523 a multiple of 3?
True
Is 6276312 a multiple of 378?
True
Is 198 a factor of 267498?
True
Is 498322 a multiple of 11?
True
Is 1661877 a multiple of 41?
False
Is 1964352 a multiple of 8?
True
Is 9 a factor of 2135056?
False
Is 453671 a multiple of 135?
False
Is 21785988 a multiple of 27?
False
Is 168 a factor of 522312?
True
Is 4 a factor of 127339?
False
Is 5085262 a multiple of 16?
False
Does 173 divide 3130138?
False
Does 899 divide 8080212?
True
Is 59 a factor of 6807715?
True
Is 2601 a multiple of 17?
True
Does 20 divide 1081980?
True
Does 37 divide 83731?
True
Is 480 a factor of 8796074?
False
Is 35 a factor of 3115245?
True
Is 14 a factor of 1091958?
True
Is 245630 a multiple of 58?
True
Is 102452 a multiple of 34?
False
Is 97694 a multiple of 150?
False
Is 4 a factor of 128240?
True
Does 289 divide 71675?
False
Does 57 divide 3221239?
False
Is 1459 a factor of 4423559?
False
Does 11 divide 224699?
False
Does 14 divide 307412?
True
Is 5678624 a multiple of 8?
True
Does 198 divide 4569256?
False
Is 10223154 a multiple of 153?
True
Does 112 divide 78244?
False
Does 8 divide 5772456?
True
Is 276 a factor of 5272515?
False
Does 854 divide 245098?
True
Is 1065262 a multiple of 20?
False
Is 661 a factor of 991500?
True
Is 5 a factor of 147378?
False
Does 34 divide 714102?
True
Does 124 divide 377580?
True
Is 34 a factor of 35530?
True
Is 132 a factor of 536472?
False
Is 5115445 a multiple of 1135?
True
Is 105 a factor of 71295?
True
Does 22 divide 18918?
False
Does 247 divide 499508?
False
Does 137 divide 8998878?
False
Is 317900 a multiple of 68?
True
Is 385 a factor of 5076610?
True
Does 72 divide 171266?
False
Is 1024812 a multiple of 162?
True
Is 48 a factor of 315925?
False
Is 12173210 a multiple of 23?
True
Does 77 divide 666491?
False
Is 846747 a multiple of 33?
True
Does 13 divide 1936243?
False
Does 37 divide 243821?
False
Is 340473 a multiple of 49?
False
Does 31 divide 593898?
True
Is 8354822 a multiple of 254?
True
Is 32364270 a multiple of 18?
True
Is 50 a factor of 192700?
True
Is 2590887 a multiple of 74?
False
Is 472 a factor of 2051077?
False
Is 104 a factor of 863511?
False
Does 67 divide 2781145?
False
Does 40 divide 1257160?
True
Does 77 divide 97609?
False
Is 169 a factor of 256380?
False
Is 29520 a multiple of 20?
True
Does 18 divide 154652?
False
Is 54 a factor of 1389890?
False
Does 11 divide 2640?
True
Does 517 divide 4769325?
True
Is 43 a factor of 569695?
False
Is 1010919 a multiple of 49?
True
Is 859052 a multiple of 479?
False
Is 2170050 a multiple of 111?
True
Does 1469 divide 7157044?
False
Is 3075117 a multiple of 123?
False
Does 48 divide 74064?
True
Does 3 divide 126861?
True
Is 68 a factor of 8617539?
False
Is 100 a factor of 1764800?
True
Is 920635 a multiple of 8?
False
Does 39 divide 178776?
True
Is 253129 a multiple of 38?
False
Does 12 divide 102780?
True
Does 9 divide 135947?
False
Is 1227445 a multiple of 194?
False
Is 78 a factor of 1332119?
False
Is 9119568 a multiple of 1821?
True
Does 114 divide 4229400?
True
Is 15953 a multiple of 157?
False
Is 73 a factor of 683441?
False
Is 15 a factor of 51555?
True
Is 40 a factor of 138217?
False
Is 192 a factor of 486578?
False
Does 31 divide 185225?
True
Is 32 a factor of 123464?
False
Is 6 a factor of 2234493?
False
Is 27 a factor of 521561?
False
Is 147 a factor of 77322?
True
Is 98 a factor of 224126?
True
Does 64 divide 604608?
True
Is 28 a factor of 143500?
True
Is 205 a factor of 28490285?
True
Is 2053716 a multiple of 483?
True
Does 12 divide 7008184?
False
Is 498 a factor of 275394?
True
Is 3389187 a multiple of 10?
False
Is 19 a factor of 930978?
False
Does 14 divide 487270?
True
Is 15200265 a multiple of 8?
False
Does 373 divide 716939?
False
Is 507 a factor of 36751?
False
Is 2377550 a multiple of 10?
True
Is 54 a factor of 740344?
False
Is 6454467 a multiple of 69?
True
Is 26 a factor of 1926574?
True
Does 328 divide 6337728?
False
Is 8 a factor of 29560?
True
Is 1345058 a multiple of 87?
False
Is 276 a factor of 15038688?
True
Is 430221 a multiple of 33?
True
Does 292 divide 17955372?
True
Is 60 a factor of 9506340?
True
Is 31 a factor of 151466?
True
Is 1957645 a multiple of 115?
True
Is 20 a factor of 360?
True
Is 359070 a multiple of 10?
True
Is 1284 a factor of 18454932?
True
Is 23 a factor of 1752063?
False
Does 337 divide 3477166?
True
Is 2 a factor of 14920?
True
Does 4 divide 14742?
False
Is 119660 a multiple of 145?
False
Is 204 a factor of 698088?
True
Is 150625 a multiple of 125?
True
Does 9 divide 2909304?
True
Is 158349 a multiple of 3?
True
Is 8 a factor of 146864?
True
Is 70 a factor of 931910?
True
Is 3436631 a multiple of 946?
False
Does 7 divide 60517?
False
Does 970 divide 242464?
False
Is 236 a factor of 1059168?
True
Is 61483 a multiple of 47?
False
Is 381292 a multiple of 209?
False
Is 104815 a multiple of 9?
False
Is 2271686 a multiple of 2?
True
Is 95108 a multiple of 52?
True
Is 39 a factor of 8472888?
False
Is 27 a factor of 227604?
False
Is 264 a factor of 280104?
True
Is 3712338 a multiple of 126?
True
Does 300 divide 863700?
True
Does 29 divide 1055153?
False
Is 134 a factor of 1126538?
True
Is 226 a factor of 1580644?
True
Does 24 divide 224304?
True
Is 817266 a multiple of 114?
True
Does 70 divide 72730?
True
Is 28 a factor of 756?
True
Does 5 divide 19216?
False
Is 238 a factor of 943432?
True
Is 12054 a multiple of 3?
True
Does 79 divide 9875?
True
Does 753 divide 2898577?
False
Does 19 divide 945782?
True
Is 82908 a multiple of 94?
True
Is 1000204 a multiple of 11?
False
Is 7 a factor of 9416498?
True
Does 64 divide 15090176?
True
Is 414005 a multiple of 116?
False
Is 492 a factor of 2483540?
False
Is 58 a factor of 687358?
True
Does 53 divide 217797?
False
Is 89304 a multiple of 62?
False
Is 2072 a factor of 8584296?
True
Is 432 a factor of 38165?
False
Is 833 a factor of 3805252?
False
Does 35 divide 3632348?
False
Is 103 a factor of 8289594?
False
Is 7 a factor of 31760?
False
Is 10 a factor of 1491060?
True
Is 545764 a multiple of 94?
True
Does 523 divide 1823583?
False
Is 7 a factor of 881349?
True
Does 177 divide 12754443?
True
Does 8 divide 394072?
True
Is 589 a factor of 7625846?
False
Is 1159 a factor of 3607295?
False
Is 32 a factor of 188160?
True
Is 12 a factor of 480837?
False
Is 2162211 a multiple of 87?
True
Is 54 a factor of 206010?
True
Does 3 divide 9573169?
False
Is 47 a factor of 450448?
True
Is 98 a factor of 1137125?
False
Is 199 a factor of 13565432?
True
Is 280015 a multiple of 173?
False
Is 166661 a multiple of 16?
False
Is 1422235 a multiple of 2?
False
Does 2 divide 1409391?
False
Does 386 divide 241636?
True
Does 75 divide 417996?
False
Does 618 divide 7220369?
False
Is 100416 a multiple of 6?
True
Does 25 divide 291